
7, 521, 523, 661
What are the prime factors of 998996275?
5, 113, 353627
List the prime factors of 1615286341.
29, 31, 1796759
List the prime factors of 6684169.
59, 193, 587
What are the prime factors of 550518121?
43, 677, 18911
What are the prime factors of 2353627145?
5, 23, 43, 179, 2659
What are the prime factors of 164150037?
3, 6079631
What are the prime factors of 30686281?
30686281
What are the prime factors of 349311986?
2, 61, 107, 26759
What are the prime factors of 1601900940?
2, 3, 5, 37, 721577
What are the prime factors of 62069617?
23, 2698679
List the prime factors of 1050555264.
2, 3, 11, 73, 3407
What are the prime factors of 4120440174?
2, 3, 228913343
What are the prime factors of 817088992?
2, 1669, 15299
What are the prime factors of 109192865?
5, 397, 55009
What are the prime factors of 45087395?
5, 9017479
List the prime factors of 110433347.
110433347
List the prime factors of 9473312.
2, 296041
What are the prime factors of 53462802?
2, 3, 1361, 6547
What are the prime factors of 2206942753?
2206942753
List the prime factors of 4912336026.
2, 3, 13, 673, 31193
What are the prime factors of 105823376?
2, 149, 44389
List the prime factors of 166571291.
103, 191, 8467
What are the prime factors of 42429186?
2, 3, 1123, 2099
List the prime factors of 97180734.
2, 3, 7, 2313827
What are the prime factors of 512424330?
2, 3, 5, 11, 569, 2729
List the prime factors of 239637100.
2, 5, 17, 73, 1931
What are the prime factors of 6517933?
6517933
List the prime factors of 35003734.
2, 701, 24967
What are the prime factors of 569820743?
569820743
List the prime factors of 442640218.
2, 139, 313, 5087
List the prime factors of 3459145.
5, 691829
What are the prime factors of 2300262665?
5, 460052533
List the prime factors of 400513779.
3, 2671, 16661
List the prime factors of 1033954529.
37, 421, 66377
What are the prime factors of 1682624078?
2, 19, 4111, 10771
List the prime factors of 720396367.
720396367
What are the prime factors of 136512315?
3, 5, 43, 70549
List the prime factors of 5111859718.
2, 7, 103, 613, 5783
What are the prime factors of 104808327?
3, 13, 2687393
List the prime factors of 1119434487.
3, 73, 379, 13487
List the prime factors of 696555571.
3067, 227113
List the prime factors of 7049985.
3, 5, 17, 27647
What are the prime factors of 20532642?
2, 3, 13, 263239
List the prime factors of 357857144.
2, 2477, 18059
List the prime factors of 49956595.
5, 13, 768563
List the prime factors of 41456814.
2, 3, 7, 987067
What are the prime factors of 493331516?
2, 41, 3008119
What are the prime factors of 32850947?
32850947
List the prime factors of 29004053.
13, 449, 4969
What are the prime factors of 2051982987?
3, 521, 557, 2357
What are the prime factors of 1192519412?
2, 7, 1627, 26177
List the prime factors of 6124542212.
2, 23, 1787, 37253
List the prime factors of 7099359660.
2, 3, 5, 109, 361843
List the prime factors of 532876547.
7, 2837, 26833
What are the prime factors of 2208913097?
47, 46998151
What are the prime factors of 3952048150?
2, 5, 71, 1113253
What are the prime factors of 1281680923?
1281680923
What are the prime factors of 229239510?
2, 3, 5, 7641317
List the prime factors of 133192616.
2, 31, 537067
What are the prime factors of 1015678431?
3, 79, 1428521
List the prime factors of 71175907.
11, 31, 47, 4441
What are the prime factors of 811558088?
2, 11, 9222251
List the prime factors of 76187169.
3, 19, 148513
What are the prime factors of 1826231865?
3, 5, 53, 233, 9859
List the prime factors of 388529241.
3, 129509747
List the prime factors of 28374720.
2, 3, 5, 11, 2687
What are the prime factors of 2927762272?
2, 3391, 26981
What are the prime factors of 182697324?
2, 3, 1031, 14767
What are the prime factors of 166423624?
2, 31, 671063
What are the prime factors of 933969842?
2, 13, 35921917
List the prime factors of 2085060381.
3, 233, 2982919
What are the prime factors of 1063822786?
2, 13, 83, 492967
List the prime factors of 94621047.
3, 109, 289361
List the prime factors of 34249359.
3, 11416453
What are the prime factors of 741399951?
3, 2081, 118757
What are the prime factors of 286697240?
2, 5, 7167431
List the prime factors of 162801817.
162801817
List the prime factors of 662650802.
2, 11, 19, 1585289
What are the prime factors of 342825246?
2, 3, 19, 61, 16433
What are the prime factors of 402074562?
2, 3, 71, 943837
What are the prime factors of 12027675?
3, 5, 11, 61, 239
List the prime factors of 102076621.
47, 2171843
What are the prime factors of 75813032?
2, 947, 10007
What are the prime factors of 31547024?
2, 107, 18427
What are the prime factors of 76526404?
2, 97, 197233
List the prime factors of 1308558151.
3371, 388181
List the prime factors of 474596025.
3, 5, 6327947
List the prime factors of 630957980.
2, 5, 73, 432163
List the prime factors of 133249106.
2, 66624553
List the prime factors of 2366524114.
2, 157, 281, 26821
List the prime factors of 46992731.
29, 1620439
List the prime factors of 109223753.
727, 150239
What are the prime factors of 4746981245?
5, 1021, 929869
List the prime factors of 41820150.
2, 3, 5, 278801
What are the prime factors of 191155223?
7, 3901127
What are the prime factors of 15326729?
11, 823, 1693
What are the prime factors of 371343400?
2, 5, 691, 2687
List the prime factors of 279627137.
59, 4739443
What are the prime factors of 1760363135?
5, 352072627
What are the prime factors of 252094892?
2, 7, 307, 29327
What are the prime factors of 31209060?
2, 3, 5, 520151
What are the prime factors of 567402352?
2, 11, 743, 4339
What are the prime factors of 330400939?
11, 30036449
What are the prime factors of 7959717?
3, 29, 30497
List the prime factors of 875029541.
10369, 84389
What are the prime factors of 4672030?
2, 5, 11, 42473
List the prime factors of 289225401.
3, 96408467
What are the prime factors of 1853081491?
1853081491
List the prime factors of 101575099.
101575099
What are the prime factors of 25469624?
2, 3183703
List the prime factors of 7047936374.
2, 127, 27747781
What are the prime factors of 1645164253?
1645164253
List the prime factors of 2422583949.
3, 311, 2596553
What are the prime factors of 39190494?
2, 3, 7, 137, 139
List the prime factors of 64964066.
2, 191, 170063
What are the prime factors of 79657265?
5, 15931453
What are the prime factors of 907556545?
5, 7, 3307, 7841
What are the prime factors of 139283703?
3, 13, 17, 239, 293
What are the prime factors of 37153146?
2, 3, 181, 34211
List the prime factors of 1582410444.
2, 3, 59, 2235043
What are the prime factors of 35147881?
35147881
What are the prime factors of 201612383?
7, 733, 39293
What are the prime factors of 808177448?
2, 13, 109, 71293
What are the prime factors of 83617970?
2, 5, 827, 10111
List the prime factors of 1934921283.
3, 17, 73, 139, 3739
What are the prime factors of 3970994170?
2, 5, 11, 13, 311, 8929
List the prime factors of 156575432.
2, 13, 797, 1889
List the prime factors of 2057465369.
19, 2357, 45943
What are the prime factors of 1347723655?
5, 269544731
List the prime factors of 1242532969.
4903, 253423
What are the prime factors of 100729227?
3, 281, 119489
What are the prime factors of 253538687?
109, 269, 8647
List the prime factors of 106301070.
2, 3, 5, 149, 7927
What are the prime factors of 469076721?
3, 156358907
List the prime factors of 220716577.
220716577
What are the prime factors of 21405381?
3, 19, 375533
What are the prime factors of 39780145?
5, 103, 77243
List the prime factors of 410366855.
5, 199, 229, 1801
What are the prime factors of 4982828767?
7, 23, 4421321
What are the prime factors of 1955860430?
2, 5, 23, 71, 119771
List the prime factors of 4676445195.
3, 5, 53, 5882321
What are the prime factors of 1835552?
2, 19, 3019
List the prime factors of 25915108.
2, 6478777
List the prime factors of 165890902.
2, 1663, 49877
What are the prime factors of 493284630?
2, 3, 5, 16442821
What are the prime factors of 1048041946?
2, 7, 37, 887, 2281
What are the prime factors of 15234419?
15234419
What are the prime factors of 3265286861?
73, 251, 178207
List the prime factors of 149749442.
2, 89, 841289
What are the prime factors of 2244142645?
5, 3643, 123203
List the prime facto